{"id":1319,"date":"2021-03-21T17:09:04","date_gmt":"2021-03-21T16:09:04","guid":{"rendered":"https:\/\/z31.vfdb.org\/wordpress\/?page_id=1319"},"modified":"2025-12-14T19:54:21","modified_gmt":"2025-12-14T18:54:21","slug":"ueber-uns-2","status":"publish","type":"page","link":"https:\/\/z31.vfdb.org\/wordpress\/?page_id=1319","title":{"rendered":"\u00dcber uns"},"content":{"rendered":"\n<p class=\"has-large-font-size\"><strong>\u00dcber uns<\/strong><\/p>\n\n\n\n<figure class=\"wp-block-image size-full\"><img loading=\"lazy\" decoding=\"async\" width=\"875\" height=\"495\" src=\"https:\/\/z31.vfdb.org\/wordpress\/wp-content\/uploads\/2025\/12\/Organigramm_Z31_14.12.2025-1.jpg\" alt=\"\" class=\"wp-image-3976\" srcset=\"https:\/\/z31.vfdb.org\/wordpress\/wp-content\/uploads\/2025\/12\/Organigramm_Z31_14.12.2025-1.jpg 875w, https:\/\/z31.vfdb.org\/wordpress\/wp-content\/uploads\/2025\/12\/Organigramm_Z31_14.12.2025-1-300x170.jpg 300w, https:\/\/z31.vfdb.org\/wordpress\/wp-content\/uploads\/2025\/12\/Organigramm_Z31_14.12.2025-1-768x434.jpg 768w\" sizes=\"auto, (max-width: 875px) 100vw, 875px\" \/><\/figure>\n\n\n\n<p>Der VFDB ist der Zusammenschluss von Funkamateuren in Telekommunikation und Post e.V. in Deutschland. Bundesweit haben wir rund 2000 Mitglieder.<\/p>\n\n\n\n<p>Der VFDB- Ortsverband Leer ist einer von bundesweit 90 Ortsverb\u00e4nden. Unser Ortsverband hat fast 50  Mitglieder. Schwerpunkt unser Vereinst\u00e4tigkeit ist die Besch\u00e4ftigung mit Funk- und Hochfrequenztechnik. Dazu z\u00e4hlt die Durchf\u00fchrung von gemeinschaftlichen Selbstbauaktionen und der praktische Funkbetrieb sowohl im regionalen Bereich, als auch weltweit. Neue Mitglieder unterst\u00fctzen wir gerne mit Rat und Tat.<\/p>\n\n\n\n<p>Wir betreiben auf dem Wasserturm und auf dem AGRAVIS Turm mehrere Relaisfunkstellen f\u00fcr die Funkamateure mit einem Einzugsgebiet von ca. 70 km. Des Weiteren stehen mit unseren funktechnischen Know-How f\u00fcr die Unterst\u00fctzung der Hilfsorganisationen in Not- und Katastrophenf\u00e4llen zur Verf\u00fcgung.<\/p>\n\n\n\n<p>Die F\u00fchrung des Klubs erfolgt auf rein ehrenamtlicher Basis<\/p>\n\n\n\n<p>Die Gewinnung von Nachwuchs liegt uns sehr am Herzen. Wir wollen Kinder und Jugendliche f\u00fcr ein technisches Hobby und f\u00fcr die Besch\u00e4ftigung mit Technik allgemein begeistern. Aber wir freuen uns genauso \u00fcber das Interesse von Erwachsenen, die ein neues spannendes Hobby kennenlernen m\u00f6chten. <\/p>\n\n\n\n<p>Unser Clubabend findet am ersten Montag im Monat um 19:00 Uhr im Jugendtreff der Stadt Leer statt. G\u00e4ste sind herzlich willkommen. Wer einmal vorbeischauen m\u00f6chte, wende sich an den Vorstand. Kontaktdaten siehe <a href=\"https:\/\/z31.vfdb.org\/wordpress\/?page_id=35\" target=\"_blank\" rel=\"noopener\" title=\"\">hier.<\/a> Auch bei allen anderen Fragen zu unserem Verband, stehen die Ansprechpartner gerne zur Verf\u00fcgung.<br><br>Beispiele f\u00fcr unsere ehrenamtlichen Aktivit\u00e4ten: Teilnahme am Ferienpassprogramm der Stadt Leer, Veranstaltungen im Ortsverband, Elektronikbasteln f\u00fcr Sch\u00fclerinnen und Sch\u00fcler, Betrieb mehrerer Relaisfunkstellen, Beteiligung als Leuchtt\u00fcrme am Katastrophenschutz des Landkreises Leer, Vorhaltung von Notfunkger\u00e4ten f\u00fcr den Katastrophenfall einschlie\u00dflich der Notstromversorgung. Teilnahme an Fortbildungsveranstaltungen f\u00fcr Vereinsvorst\u00e4nde durch die Stabsstelle Ehrenamt des Landkreises Leer. <\/p>\n\n\n\n<p><\/p>\n","protected":false},"excerpt":{"rendered":"<p>\u00dcber uns Der VFDB ist der Zusammenschluss von Funkamateuren in Telekommunikation und Post e.V. in Deutschland. Bundesweit haben wir rund 2000 Mitglieder. Der VFDB- Ortsverband Leer ist einer von bundesweit 90 Ortsverb\u00e4nden. Unser Ortsverband hat fast 50 Mitglieder. Schwerpunkt unser Vereinst\u00e4tigkeit ist die Besch\u00e4ftigung mit Funk- und Hochfrequenztechnik. Dazu z\u00e4hlt die Durchf\u00fchrung von gemeinschaftlichen Selbstbauaktionen [&hellip;]<\/p>\n","protected":false},"author":1,"featured_media":0,"parent":0,"menu_order":0,"comment_status":"closed","ping_status":"closed","template":"","meta":{"footnotes":""},"class_list":["post-1319","page","type-page","status-publish","hentry"],"aioseo_notices":[],"_links":{"self":[{"href":"https:\/\/z31.vfdb.org\/wordpress\/index.php?rest_route=\/wp\/v2\/pages\/1319","targetHints":{"allow":["GET"]}}],"collection":[{"href":"https:\/\/z31.vfdb.org\/wordpress\/index.php?rest_route=\/wp\/v2\/pages"}],"about":[{"href":"https:\/\/z31.vfdb.org\/wordpress\/index.php?rest_route=\/wp\/v2\/types\/page"}],"author":[{"embeddable":true,"href":"https:\/\/z31.vfdb.org\/wordpress\/index.php?rest_route=\/wp\/v2\/users\/1"}],"replies":[{"embeddable":true,"href":"https:\/\/z31.vfdb.org\/wordpress\/index.php?rest_route=%2Fwp%2Fv2%2Fcomments&post=1319"}],"version-history":[{"count":16,"href":"https:\/\/z31.vfdb.org\/wordpress\/index.php?rest_route=\/wp\/v2\/pages\/1319\/revisions"}],"predecessor-version":[{"id":3983,"href":"https:\/\/z31.vfdb.org\/wordpress\/index.php?rest_route=\/wp\/v2\/pages\/1319\/revisions\/3983"}],"wp:attachment":[{"href":"https:\/\/z31.vfdb.org\/wordpress\/index.php?rest_route=%2Fwp%2Fv2%2Fmedia&parent=1319"}],"curies":[{"name":"wp","href":"https:\/\/api.w.org\/{rel}","templated":true}]}}