{"id":2805,"date":"2023-11-26T19:03:43","date_gmt":"2023-11-26T18:03:43","guid":{"rendered":"https:\/\/z31.vfdb.org\/wordpress\/?page_id=2805"},"modified":"2024-10-06T19:51:23","modified_gmt":"2024-10-06T17:51:23","slug":"unsere-relaisfunkstellen","status":"publish","type":"page","link":"https:\/\/z31.vfdb.org\/wordpress\/?page_id=2805","title":{"rendered":"Unsere Relaisfunkstellen"},"content":{"rendered":"\n<p>Hier eine kleine \u00dcbersicht \u00fcber unsere drei Relaisstandorte mit den entsprechenden Frequenzen. F\u00fcr eine gr\u00f6\u00dfere Darstellung bitte auf das entsprechende Bild klicken.<\/p>\n\n\n\n<figure class=\"wp-block-image size-large\"><a href=\"https:\/\/z31.vfdb.org\/wordpress\/wp-content\/uploads\/2024\/10\/Agravis_Turm_5.jpg\"><img loading=\"lazy\" decoding=\"async\" width=\"1024\" height=\"600\" src=\"https:\/\/z31.vfdb.org\/wordpress\/wp-content\/uploads\/2024\/10\/Agravis_Turm_5-1024x600.jpg\" alt=\"\" class=\"wp-image-3297\" srcset=\"https:\/\/z31.vfdb.org\/wordpress\/wp-content\/uploads\/2024\/10\/Agravis_Turm_5-1024x600.jpg 1024w, https:\/\/z31.vfdb.org\/wordpress\/wp-content\/uploads\/2024\/10\/Agravis_Turm_5-300x176.jpg 300w, https:\/\/z31.vfdb.org\/wordpress\/wp-content\/uploads\/2024\/10\/Agravis_Turm_5-768x450.jpg 768w, https:\/\/z31.vfdb.org\/wordpress\/wp-content\/uploads\/2024\/10\/Agravis_Turm_5.jpg 1141w\" sizes=\"auto, (max-width: 1024px) 100vw, 1024px\" \/><\/a><\/figure>\n\n\n\n<figure class=\"wp-block-image size-large is-resized\"><a href=\"https:\/\/z31.vfdb.org\/wordpress\/wp-content\/uploads\/2024\/01\/Wasserturm_Antennen_19.01.2024-scaled.jpg\"><img loading=\"lazy\" decoding=\"async\" width=\"1024\" height=\"683\" src=\"https:\/\/z31.vfdb.org\/wordpress\/wp-content\/uploads\/2024\/01\/Wasserturm_Antennen_19.01.2024-1024x683.jpg\" alt=\"\" class=\"wp-image-2919\" style=\"width:833px;height:auto\" srcset=\"https:\/\/z31.vfdb.org\/wordpress\/wp-content\/uploads\/2024\/01\/Wasserturm_Antennen_19.01.2024-1024x683.jpg 1024w, https:\/\/z31.vfdb.org\/wordpress\/wp-content\/uploads\/2024\/01\/Wasserturm_Antennen_19.01.2024-300x200.jpg 300w, https:\/\/z31.vfdb.org\/wordpress\/wp-content\/uploads\/2024\/01\/Wasserturm_Antennen_19.01.2024-768x512.jpg 768w, https:\/\/z31.vfdb.org\/wordpress\/wp-content\/uploads\/2024\/01\/Wasserturm_Antennen_19.01.2024-1536x1024.jpg 1536w, https:\/\/z31.vfdb.org\/wordpress\/wp-content\/uploads\/2024\/01\/Wasserturm_Antennen_19.01.2024-2048x1365.jpg 2048w\" sizes=\"auto, (max-width: 1024px) 100vw, 1024px\" \/><\/a><\/figure>\n\n\n\n<p><\/p>\n\n\n\n<figure class=\"wp-block-image size-large is-resized\"><a href=\"https:\/\/z31.vfdb.org\/wordpress\/wp-content\/uploads\/2023\/11\/231007_Leuchtturm_Campen.jpg\"><img loading=\"lazy\" decoding=\"async\" width=\"1024\" height=\"576\" src=\"https:\/\/z31.vfdb.org\/wordpress\/wp-content\/uploads\/2023\/11\/231007_Leuchtturm_Campen-1024x576.jpg\" alt=\"\" class=\"wp-image-2808\" style=\"width:835px;height:auto\" srcset=\"https:\/\/z31.vfdb.org\/wordpress\/wp-content\/uploads\/2023\/11\/231007_Leuchtturm_Campen-1024x576.jpg 1024w, https:\/\/z31.vfdb.org\/wordpress\/wp-content\/uploads\/2023\/11\/231007_Leuchtturm_Campen-300x169.jpg 300w, https:\/\/z31.vfdb.org\/wordpress\/wp-content\/uploads\/2023\/11\/231007_Leuchtturm_Campen-768x432.jpg 768w, https:\/\/z31.vfdb.org\/wordpress\/wp-content\/uploads\/2023\/11\/231007_Leuchtturm_Campen-1536x864.jpg 1536w, https:\/\/z31.vfdb.org\/wordpress\/wp-content\/uploads\/2023\/11\/231007_Leuchtturm_Campen.jpg 1997w\" sizes=\"auto, (max-width: 1024px) 100vw, 1024px\" \/><\/a><\/figure>\n","protected":false},"excerpt":{"rendered":"<p>Hier eine kleine \u00dcbersicht \u00fcber unsere drei Relaisstandorte mit den entsprechenden Frequenzen. F\u00fcr eine gr\u00f6\u00dfere Darstellung bitte auf das entsprechende Bild klicken.<\/p>\n","protected":false},"author":1,"featured_media":0,"parent":0,"menu_order":0,"comment_status":"closed","ping_status":"closed","template":"","meta":{"footnotes":""},"class_list":["post-2805","page","type-page","status-publish","hentry"],"aioseo_notices":[],"_links":{"self":[{"href":"https:\/\/z31.vfdb.org\/wordpress\/index.php?rest_route=\/wp\/v2\/pages\/2805","targetHints":{"allow":["GET"]}}],"collection":[{"href":"https:\/\/z31.vfdb.org\/wordpress\/index.php?rest_route=\/wp\/v2\/pages"}],"about":[{"href":"https:\/\/z31.vfdb.org\/wordpress\/index.php?rest_route=\/wp\/v2\/types\/page"}],"author":[{"embeddable":true,"href":"https:\/\/z31.vfdb.org\/wordpress\/index.php?rest_route=\/wp\/v2\/users\/1"}],"replies":[{"embeddable":true,"href":"https:\/\/z31.vfdb.org\/wordpress\/index.php?rest_route=%2Fwp%2Fv2%2Fcomments&post=2805"}],"version-history":[{"count":11,"href":"https:\/\/z31.vfdb.org\/wordpress\/index.php?rest_route=\/wp\/v2\/pages\/2805\/revisions"}],"predecessor-version":[{"id":3298,"href":"https:\/\/z31.vfdb.org\/wordpress\/index.php?rest_route=\/wp\/v2\/pages\/2805\/revisions\/3298"}],"wp:attachment":[{"href":"https:\/\/z31.vfdb.org\/wordpress\/index.php?rest_route=%2Fwp%2Fv2%2Fmedia&parent=2805"}],"curies":[{"name":"wp","href":"https:\/\/api.w.org\/{rel}","templated":true}]}}