{"id":371,"date":"2020-10-18T18:59:06","date_gmt":"2020-10-18T16:59:06","guid":{"rendered":"https:\/\/z31.vfdb.org\/wordpress\/?page_id=371"},"modified":"2025-06-09T17:38:55","modified_gmt":"2025-06-09T15:38:55","slug":"qsl-karten-der-z31-mitglieder","status":"publish","type":"page","link":"https:\/\/z31.vfdb.org\/wordpress\/?page_id=371","title":{"rendered":"QSL-Karten unserer Mitglieder"},"content":{"rendered":"\n<p>Auf dieser Seite werden die pers\u00f6nlichen QSL-Karten von derzeitigen und ehemaligen Mitgliedern des OV Z31 ver\u00f6ffentlicht. Die Sammlung wird im Laufe der Zeit fortgeschrieben und vervollst\u00e4ndigt.<\/p>\n\n\n\n<div class=\"wp-block-media-text is-stacked-on-mobile\" style=\"grid-template-columns:85% auto\"><figure class=\"wp-block-media-text__media\"><img loading=\"lazy\" decoding=\"async\" width=\"455\" height=\"359\" src=\"https:\/\/z31.vfdb.org\/wordpress\/wp-content\/uploads\/2020\/10\/2020-10-01-15_57_31-Window.png\" alt=\"\" class=\"wp-image-372 size-full\" srcset=\"https:\/\/z31.vfdb.org\/wordpress\/wp-content\/uploads\/2020\/10\/2020-10-01-15_57_31-Window.png 455w, https:\/\/z31.vfdb.org\/wordpress\/wp-content\/uploads\/2020\/10\/2020-10-01-15_57_31-Window-300x237.png 300w\" sizes=\"auto, (max-width: 455px) 100vw, 455px\" \/><\/figure><div class=\"wp-block-media-text__content\">\n<p><\/p>\n<\/div><\/div>\n\n\n\n<p class=\"has-text-align-center\">DC5BL<\/p>\n\n\n\n<figure class=\"wp-block-image size-large is-resized\"><img loading=\"lazy\" decoding=\"async\" width=\"1006\" height=\"652\" src=\"https:\/\/z31.vfdb.org\/wordpress\/wp-content\/uploads\/2020\/10\/DD1GO.jpg\" alt=\"\" class=\"wp-image-373\" srcset=\"https:\/\/z31.vfdb.org\/wordpress\/wp-content\/uploads\/2020\/10\/DD1GO.jpg 1006w, https:\/\/z31.vfdb.org\/wordpress\/wp-content\/uploads\/2020\/10\/DD1GO-300x194.jpg 300w, https:\/\/z31.vfdb.org\/wordpress\/wp-content\/uploads\/2020\/10\/DD1GO-768x498.jpg 768w\" sizes=\"auto, (max-width: 1006px) 100vw, 1006px\" \/><figcaption class=\"wp-element-caption\">DD1GO<\/figcaption><\/figure>\n\n\n\n<figure class=\"wp-block-image size-large is-resized\"><img loading=\"lazy\" decoding=\"async\" width=\"456\" height=\"292\" src=\"https:\/\/z31.vfdb.org\/wordpress\/wp-content\/uploads\/2020\/10\/2020-10-13-12_33_21-Window.png\" alt=\"\" class=\"wp-image-377\" style=\"aspect-ratio:1.5625;width:840px;height:auto\" srcset=\"https:\/\/z31.vfdb.org\/wordpress\/wp-content\/uploads\/2020\/10\/2020-10-13-12_33_21-Window.png 456w, https:\/\/z31.vfdb.org\/wordpress\/wp-content\/uploads\/2020\/10\/2020-10-13-12_33_21-Window-300x192.png 300w\" sizes=\"auto, (max-width: 456px) 100vw, 456px\" \/><figcaption class=\"wp-element-caption\">DD7JP<\/figcaption><\/figure>\n\n\n\n<figure class=\"wp-block-image size-large is-resized\"><img loading=\"lazy\" decoding=\"async\" width=\"1024\" height=\"666\" src=\"https:\/\/z31.vfdb.org\/wordpress\/wp-content\/uploads\/2020\/10\/DF2RS-1024x666.jpg\" alt=\"\" class=\"wp-image-380\" srcset=\"https:\/\/z31.vfdb.org\/wordpress\/wp-content\/uploads\/2020\/10\/DF2RS-1024x666.jpg 1024w, https:\/\/z31.vfdb.org\/wordpress\/wp-content\/uploads\/2020\/10\/DF2RS-300x195.jpg 300w, https:\/\/z31.vfdb.org\/wordpress\/wp-content\/uploads\/2020\/10\/DF2RS-768x499.jpg 768w, https:\/\/z31.vfdb.org\/wordpress\/wp-content\/uploads\/2020\/10\/DF2RS-1536x999.jpg 1536w, https:\/\/z31.vfdb.org\/wordpress\/wp-content\/uploads\/2020\/10\/DF2RS.jpg 1689w\" sizes=\"auto, (max-width: 1024px) 100vw, 1024px\" \/><figcaption class=\"wp-element-caption\">DF2RS<\/figcaption><\/figure>\n\n\n\n<figure class=\"wp-block-image size-large is-resized\"><img loading=\"lazy\" decoding=\"async\" width=\"1024\" height=\"770\" src=\"https:\/\/z31.vfdb.org\/wordpress\/wp-content\/uploads\/2020\/10\/2020-10-01-17_14_28-Window-1024x770.png\" alt=\"\" class=\"wp-image-385\" srcset=\"https:\/\/z31.vfdb.org\/wordpress\/wp-content\/uploads\/2020\/10\/2020-10-01-17_14_28-Window-1024x770.png 1024w, https:\/\/z31.vfdb.org\/wordpress\/wp-content\/uploads\/2020\/10\/2020-10-01-17_14_28-Window-300x226.png 300w, https:\/\/z31.vfdb.org\/wordpress\/wp-content\/uploads\/2020\/10\/2020-10-01-17_14_28-Window-768x578.png 768w, https:\/\/z31.vfdb.org\/wordpress\/wp-content\/uploads\/2020\/10\/2020-10-01-17_14_28-Window.png 1236w\" sizes=\"auto, (max-width: 1024px) 100vw, 1024px\" \/><figcaption class=\"wp-element-caption\">DF8BX (alt DC2BQ)<\/figcaption><\/figure>\n\n\n\n<figure class=\"wp-block-image size-large is-resized\"><img loading=\"lazy\" decoding=\"async\" width=\"1024\" height=\"720\" src=\"https:\/\/z31.vfdb.org\/wordpress\/wp-content\/uploads\/2020\/11\/QSL-Card_DG9BBR-1.jpg\" alt=\"\" class=\"wp-image-651\" srcset=\"https:\/\/z31.vfdb.org\/wordpress\/wp-content\/uploads\/2020\/11\/QSL-Card_DG9BBR-1.jpg 1024w, https:\/\/z31.vfdb.org\/wordpress\/wp-content\/uploads\/2020\/11\/QSL-Card_DG9BBR-1-300x211.jpg 300w, https:\/\/z31.vfdb.org\/wordpress\/wp-content\/uploads\/2020\/11\/QSL-Card_DG9BBR-1-768x540.jpg 768w\" sizes=\"auto, (max-width: 1024px) 100vw, 1024px\" \/><figcaption class=\"wp-element-caption\">DG9BBR<\/figcaption><\/figure>\n\n\n\n<figure class=\"wp-block-image size-large is-resized\"><img loading=\"lazy\" decoding=\"async\" width=\"428\" height=\"278\" src=\"https:\/\/z31.vfdb.org\/wordpress\/wp-content\/uploads\/2020\/10\/2020-10-01-17_16_11-Window.png\" alt=\"\" class=\"wp-image-390\" style=\"width:840px;height:auto\" srcset=\"https:\/\/z31.vfdb.org\/wordpress\/wp-content\/uploads\/2020\/10\/2020-10-01-17_16_11-Window.png 428w, https:\/\/z31.vfdb.org\/wordpress\/wp-content\/uploads\/2020\/10\/2020-10-01-17_16_11-Window-300x195.png 300w\" sizes=\"auto, (max-width: 428px) 100vw, 428px\" \/><figcaption class=\"wp-element-caption\">DH5AR<\/figcaption><\/figure>\n\n\n\n<figure class=\"wp-block-image size-large\"><img loading=\"lazy\" decoding=\"async\" width=\"1024\" height=\"658\" src=\"https:\/\/z31.vfdb.org\/wordpress\/wp-content\/uploads\/2020\/10\/DH6BB-1024x658.jpg\" alt=\"\" class=\"wp-image-392\" srcset=\"https:\/\/z31.vfdb.org\/wordpress\/wp-content\/uploads\/2020\/10\/DH6BB-1024x658.jpg 1024w, https:\/\/z31.vfdb.org\/wordpress\/wp-content\/uploads\/2020\/10\/DH6BB-300x193.jpg 300w, https:\/\/z31.vfdb.org\/wordpress\/wp-content\/uploads\/2020\/10\/DH6BB-768x494.jpg 768w, https:\/\/z31.vfdb.org\/wordpress\/wp-content\/uploads\/2020\/10\/DH6BB-1536x987.jpg 1536w, https:\/\/z31.vfdb.org\/wordpress\/wp-content\/uploads\/2020\/10\/DH6BB-2048x1317.jpg 2048w\" sizes=\"auto, (max-width: 1024px) 100vw, 1024px\" \/><figcaption class=\"wp-element-caption\">DH6BB<\/figcaption><\/figure>\n\n\n\n<figure class=\"wp-block-image size-large is-resized\"><img loading=\"lazy\" decoding=\"async\" width=\"435\" height=\"277\" src=\"https:\/\/z31.vfdb.org\/wordpress\/wp-content\/uploads\/2020\/10\/2020-10-08-17_09_04-Bild-11-Windows-Fotoanzeige.png\" alt=\"\" class=\"wp-image-394\" style=\"width:840px;height:auto\" srcset=\"https:\/\/z31.vfdb.org\/wordpress\/wp-content\/uploads\/2020\/10\/2020-10-08-17_09_04-Bild-11-Windows-Fotoanzeige.png 435w, https:\/\/z31.vfdb.org\/wordpress\/wp-content\/uploads\/2020\/10\/2020-10-08-17_09_04-Bild-11-Windows-Fotoanzeige-300x191.png 300w\" sizes=\"auto, (max-width: 435px) 100vw, 435px\" \/><figcaption class=\"wp-element-caption\">DJ7UP<\/figcaption><\/figure>\n\n\n\n<figure class=\"wp-block-image size-full is-resized\"><img loading=\"lazy\" decoding=\"async\" width=\"436\" height=\"279\" src=\"https:\/\/z31.vfdb.org\/wordpress\/wp-content\/uploads\/2020\/10\/2020-10-15-09_00_07-Window.png\" alt=\"\" class=\"wp-image-401\" style=\"width:840px;height:auto\" srcset=\"https:\/\/z31.vfdb.org\/wordpress\/wp-content\/uploads\/2020\/10\/2020-10-15-09_00_07-Window.png 436w, https:\/\/z31.vfdb.org\/wordpress\/wp-content\/uploads\/2020\/10\/2020-10-15-09_00_07-Window-300x192.png 300w\" sizes=\"auto, (max-width: 436px) 100vw, 436px\" \/><figcaption class=\"wp-element-caption\">DK1DKW<\/figcaption><\/figure>\n\n\n\n<figure class=\"wp-block-image size-large is-resized\"><img loading=\"lazy\" decoding=\"async\" width=\"425\" height=\"278\" src=\"https:\/\/z31.vfdb.org\/wordpress\/wp-content\/uploads\/2020\/10\/2020-10-01-17_17_04-Window.png\" alt=\"\" class=\"wp-image-403\" style=\"width:838px;height:auto\" srcset=\"https:\/\/z31.vfdb.org\/wordpress\/wp-content\/uploads\/2020\/10\/2020-10-01-17_17_04-Window.png 425w, https:\/\/z31.vfdb.org\/wordpress\/wp-content\/uploads\/2020\/10\/2020-10-01-17_17_04-Window-300x196.png 300w\" sizes=\"auto, (max-width: 425px) 100vw, 425px\" \/><figcaption class=\"wp-element-caption\">DK3BQ<\/figcaption><\/figure>\n\n\n\n<figure class=\"wp-block-image size-large is-resized\"><img loading=\"lazy\" decoding=\"async\" width=\"428\" height=\"280\" src=\"https:\/\/z31.vfdb.org\/wordpress\/wp-content\/uploads\/2020\/10\/2020-10-02-17_57_13-Window.png\" alt=\"\" class=\"wp-image-405\" style=\"width:840px;height:auto\" srcset=\"https:\/\/z31.vfdb.org\/wordpress\/wp-content\/uploads\/2020\/10\/2020-10-02-17_57_13-Window.png 428w, https:\/\/z31.vfdb.org\/wordpress\/wp-content\/uploads\/2020\/10\/2020-10-02-17_57_13-Window-300x196.png 300w\" sizes=\"auto, (max-width: 428px) 100vw, 428px\" \/><figcaption class=\"wp-element-caption\">DL1BAV<\/figcaption><\/figure>\n\n\n\n<figure class=\"wp-block-image size-large is-resized\"><img loading=\"lazy\" decoding=\"async\" width=\"445\" height=\"314\" src=\"https:\/\/z31.vfdb.org\/wordpress\/wp-content\/uploads\/2020\/10\/2020-10-09-14_35_49-Window.png\" alt=\"\" class=\"wp-image-408\" style=\"width:840px;height:auto\" srcset=\"https:\/\/z31.vfdb.org\/wordpress\/wp-content\/uploads\/2020\/10\/2020-10-09-14_35_49-Window.png 445w, https:\/\/z31.vfdb.org\/wordpress\/wp-content\/uploads\/2020\/10\/2020-10-09-14_35_49-Window-300x212.png 300w\" sizes=\"auto, (max-width: 445px) 100vw, 445px\" \/><figcaption class=\"wp-element-caption\">DL1BGR<\/figcaption><\/figure>\n\n\n\n<figure class=\"wp-block-image size-large is-resized\"><img loading=\"lazy\" decoding=\"async\" width=\"485\" height=\"356\" src=\"https:\/\/z31.vfdb.org\/wordpress\/wp-content\/uploads\/2020\/10\/2020-10-01-17_19_23-Window.png\" alt=\"\" class=\"wp-image-410\" style=\"width:840px;height:auto\" srcset=\"https:\/\/z31.vfdb.org\/wordpress\/wp-content\/uploads\/2020\/10\/2020-10-01-17_19_23-Window.png 485w, https:\/\/z31.vfdb.org\/wordpress\/wp-content\/uploads\/2020\/10\/2020-10-01-17_19_23-Window-300x220.png 300w\" sizes=\"auto, (max-width: 485px) 100vw, 485px\" \/><figcaption class=\"wp-element-caption\">DL2BBZ (alt DC5BD)<\/figcaption><\/figure>\n\n\n\n<figure class=\"wp-block-image size-large is-resized\"><img loading=\"lazy\" decoding=\"async\" width=\"431\" height=\"313\" src=\"https:\/\/z31.vfdb.org\/wordpress\/wp-content\/uploads\/2020\/10\/2020-10-01-15_55_16-Window.png\" alt=\"\" class=\"wp-image-412\" style=\"width:840px;height:auto\" srcset=\"https:\/\/z31.vfdb.org\/wordpress\/wp-content\/uploads\/2020\/10\/2020-10-01-15_55_16-Window.png 431w, https:\/\/z31.vfdb.org\/wordpress\/wp-content\/uploads\/2020\/10\/2020-10-01-15_55_16-Window-300x218.png 300w\" sizes=\"auto, (max-width: 431px) 100vw, 431px\" \/><figcaption class=\"wp-element-caption\">DL2BV<\/figcaption><\/figure>\n\n\n\n<figure class=\"wp-block-image size-large is-resized\"><img loading=\"lazy\" decoding=\"async\" width=\"455\" height=\"332\" src=\"https:\/\/z31.vfdb.org\/wordpress\/wp-content\/uploads\/2020\/10\/2020-10-01-15_54_14-Window.jpg\" alt=\"\" class=\"wp-image-413\" style=\"width:840px;height:auto\" srcset=\"https:\/\/z31.vfdb.org\/wordpress\/wp-content\/uploads\/2020\/10\/2020-10-01-15_54_14-Window.jpg 455w, https:\/\/z31.vfdb.org\/wordpress\/wp-content\/uploads\/2020\/10\/2020-10-01-15_54_14-Window-300x219.jpg 300w\" sizes=\"auto, (max-width: 455px) 100vw, 455px\" \/><figcaption class=\"wp-element-caption\">DC5BG (jetzt DL2BV)<\/figcaption><\/figure>\n\n\n\n<figure class=\"wp-block-image size-large is-resized\"><img loading=\"lazy\" decoding=\"async\" width=\"430\" height=\"279\" src=\"https:\/\/z31.vfdb.org\/wordpress\/wp-content\/uploads\/2020\/10\/2020-10-01-17_22_10-Window.png\" alt=\"\" class=\"wp-image-414\" style=\"width:840px;height:auto\" srcset=\"https:\/\/z31.vfdb.org\/wordpress\/wp-content\/uploads\/2020\/10\/2020-10-01-17_22_10-Window.png 430w, https:\/\/z31.vfdb.org\/wordpress\/wp-content\/uploads\/2020\/10\/2020-10-01-17_22_10-Window-300x195.png 300w\" sizes=\"auto, (max-width: 430px) 100vw, 430px\" \/><figcaption class=\"wp-element-caption\">DL2YAK<\/figcaption><\/figure>\n\n\n\n<figure class=\"wp-block-image size-large is-resized\"><img loading=\"lazy\" decoding=\"async\" width=\"427\" height=\"281\" src=\"https:\/\/z31.vfdb.org\/wordpress\/wp-content\/uploads\/2020\/10\/2020-10-01-17_22_33-Window.png\" alt=\"\" class=\"wp-image-415\" style=\"width:840px;height:auto\" srcset=\"https:\/\/z31.vfdb.org\/wordpress\/wp-content\/uploads\/2020\/10\/2020-10-01-17_22_33-Window.png 427w, https:\/\/z31.vfdb.org\/wordpress\/wp-content\/uploads\/2020\/10\/2020-10-01-17_22_33-Window-300x197.png 300w\" sizes=\"auto, (max-width: 427px) 100vw, 427px\" \/><figcaption class=\"wp-element-caption\">DL0GEO (OP DL2YAK)<\/figcaption><\/figure>\n\n\n\n<figure class=\"wp-block-image size-full\"><img loading=\"lazy\" decoding=\"async\" width=\"1021\" height=\"659\" src=\"https:\/\/z31.vfdb.org\/wordpress\/wp-content\/uploads\/2025\/06\/2025-06-09-QSL-Karte-DL3BU.jpg\" alt=\"\" class=\"wp-image-3654\" style=\"object-fit:cover\" srcset=\"https:\/\/z31.vfdb.org\/wordpress\/wp-content\/uploads\/2025\/06\/2025-06-09-QSL-Karte-DL3BU.jpg 1021w, https:\/\/z31.vfdb.org\/wordpress\/wp-content\/uploads\/2025\/06\/2025-06-09-QSL-Karte-DL3BU-300x194.jpg 300w, https:\/\/z31.vfdb.org\/wordpress\/wp-content\/uploads\/2025\/06\/2025-06-09-QSL-Karte-DL3BU-768x496.jpg 768w\" sizes=\"auto, (max-width: 1021px) 100vw, 1021px\" \/><figcaption class=\"wp-element-caption\">DL3BU<\/figcaption><\/figure>\n\n\n\n<figure class=\"wp-block-image size-large is-resized\"><img loading=\"lazy\" decoding=\"async\" width=\"432\" height=\"278\" src=\"https:\/\/z31.vfdb.org\/wordpress\/wp-content\/uploads\/2020\/10\/2020-10-08-16_57_37-Bild-5-Windows-Fotoanzeige.png\" alt=\"\" class=\"wp-image-420\" style=\"width:840px;height:auto\" srcset=\"https:\/\/z31.vfdb.org\/wordpress\/wp-content\/uploads\/2020\/10\/2020-10-08-16_57_37-Bild-5-Windows-Fotoanzeige.png 432w, https:\/\/z31.vfdb.org\/wordpress\/wp-content\/uploads\/2020\/10\/2020-10-08-16_57_37-Bild-5-Windows-Fotoanzeige-300x193.png 300w\" sizes=\"auto, (max-width: 432px) 100vw, 432px\" \/><figcaption class=\"wp-element-caption\">DL5KAT<\/figcaption><\/figure>\n\n\n\n<figure class=\"wp-block-image size-large is-resized\"><img loading=\"lazy\" decoding=\"async\" width=\"434\" height=\"278\" src=\"https:\/\/z31.vfdb.org\/wordpress\/wp-content\/uploads\/2020\/10\/2020-10-08-16_58_12-Bild-6-Windows-Fotoanzeige.png\" alt=\"\" class=\"wp-image-421\" style=\"width:840px;height:auto\" srcset=\"https:\/\/z31.vfdb.org\/wordpress\/wp-content\/uploads\/2020\/10\/2020-10-08-16_58_12-Bild-6-Windows-Fotoanzeige.png 434w, https:\/\/z31.vfdb.org\/wordpress\/wp-content\/uploads\/2020\/10\/2020-10-08-16_58_12-Bild-6-Windows-Fotoanzeige-300x192.png 300w\" sizes=\"auto, (max-width: 434px) 100vw, 434px\" \/><figcaption class=\"wp-element-caption\">OZ\/DL5KAT<\/figcaption><\/figure>\n\n\n\n<figure class=\"wp-block-image size-large is-resized\"><img loading=\"lazy\" decoding=\"async\" width=\"457\" height=\"328\" src=\"https:\/\/z31.vfdb.org\/wordpress\/wp-content\/uploads\/2020\/10\/2020-10-08-16_58_55-Bild-7-Windows-Fotoanzeige.png\" alt=\"\" class=\"wp-image-422\" style=\"width:840px;height:auto\" srcset=\"https:\/\/z31.vfdb.org\/wordpress\/wp-content\/uploads\/2020\/10\/2020-10-08-16_58_55-Bild-7-Windows-Fotoanzeige.png 457w, https:\/\/z31.vfdb.org\/wordpress\/wp-content\/uploads\/2020\/10\/2020-10-08-16_58_55-Bild-7-Windows-Fotoanzeige-300x215.png 300w\" sizes=\"auto, (max-width: 457px) 100vw, 457px\" \/><figcaption class=\"wp-element-caption\">NW1M (DL5KAT)<\/figcaption><\/figure>\n\n\n\n<figure class=\"wp-block-image size-large is-resized\"><img loading=\"lazy\" decoding=\"async\" width=\"439\" height=\"277\" src=\"https:\/\/z31.vfdb.org\/wordpress\/wp-content\/uploads\/2020\/10\/2020-10-08-16_56_21-Bild-4-Windows-Fotoanzeige.png\" alt=\"\" class=\"wp-image-423\" style=\"width:840px;height:auto\" srcset=\"https:\/\/z31.vfdb.org\/wordpress\/wp-content\/uploads\/2020\/10\/2020-10-08-16_56_21-Bild-4-Windows-Fotoanzeige.png 439w, https:\/\/z31.vfdb.org\/wordpress\/wp-content\/uploads\/2020\/10\/2020-10-08-16_56_21-Bild-4-Windows-Fotoanzeige-300x189.png 300w\" sizes=\"auto, (max-width: 439px) 100vw, 439px\" \/><figcaption class=\"wp-element-caption\">DL6BCX<\/figcaption><\/figure>\n\n\n\n<figure class=\"wp-block-image size-large is-resized\"><img loading=\"lazy\" decoding=\"async\" width=\"432\" height=\"278\" src=\"https:\/\/z31.vfdb.org\/wordpress\/wp-content\/uploads\/2020\/10\/2020-10-08-16_53_26-Bild-3-Windows-Fotoanzeige.png\" alt=\"\" class=\"wp-image-424\" style=\"width:840px;height:auto\" srcset=\"https:\/\/z31.vfdb.org\/wordpress\/wp-content\/uploads\/2020\/10\/2020-10-08-16_53_26-Bild-3-Windows-Fotoanzeige.png 432w, https:\/\/z31.vfdb.org\/wordpress\/wp-content\/uploads\/2020\/10\/2020-10-08-16_53_26-Bild-3-Windows-Fotoanzeige-300x193.png 300w\" sizes=\"auto, (max-width: 432px) 100vw, 432px\" \/><figcaption class=\"wp-element-caption\">SWL DE6BCX (DL6BCX)<\/figcaption><\/figure>\n\n\n\n<figure class=\"wp-block-image size-large is-resized\"><img loading=\"lazy\" decoding=\"async\" width=\"431\" height=\"278\" src=\"https:\/\/z31.vfdb.org\/wordpress\/wp-content\/uploads\/2020\/10\/2020-10-08-17_01_35-Bild-Windows-Fotoanzeige.png\" alt=\"\" class=\"wp-image-425\" style=\"width:840px;height:auto\" srcset=\"https:\/\/z31.vfdb.org\/wordpress\/wp-content\/uploads\/2020\/10\/2020-10-08-17_01_35-Bild-Windows-Fotoanzeige.png 431w, https:\/\/z31.vfdb.org\/wordpress\/wp-content\/uploads\/2020\/10\/2020-10-08-17_01_35-Bild-Windows-Fotoanzeige-300x194.png 300w\" sizes=\"auto, (max-width: 431px) 100vw, 431px\" \/><figcaption class=\"wp-element-caption\">DL7SHK<\/figcaption><\/figure>\n\n\n\n<figure class=\"wp-block-image size-large is-resized\"><img loading=\"lazy\" decoding=\"async\" width=\"434\" height=\"278\" src=\"https:\/\/z31.vfdb.org\/wordpress\/wp-content\/uploads\/2020\/10\/2020-10-08-17_00_51-Bild-2-Windows-Fotoanzeige.png\" alt=\"\" class=\"wp-image-426\" style=\"width:840px;height:auto\" srcset=\"https:\/\/z31.vfdb.org\/wordpress\/wp-content\/uploads\/2020\/10\/2020-10-08-17_00_51-Bild-2-Windows-Fotoanzeige.png 434w, https:\/\/z31.vfdb.org\/wordpress\/wp-content\/uploads\/2020\/10\/2020-10-08-17_00_51-Bild-2-Windows-Fotoanzeige-300x192.png 300w\" sizes=\"auto, (max-width: 434px) 100vw, 434px\" \/><figcaption class=\"wp-element-caption\">DO7SHK (jetzt DL7SHK)<\/figcaption><\/figure>\n\n\n\n<figure class=\"wp-block-image size-large is-resized\"><img loading=\"lazy\" decoding=\"async\" width=\"431\" height=\"279\" src=\"https:\/\/z31.vfdb.org\/wordpress\/wp-content\/uploads\/2020\/10\/2020-10-01-17_25_46-Window.png\" alt=\"\" class=\"wp-image-428\" style=\"width:840px;height:auto\" srcset=\"https:\/\/z31.vfdb.org\/wordpress\/wp-content\/uploads\/2020\/10\/2020-10-01-17_25_46-Window.png 431w, https:\/\/z31.vfdb.org\/wordpress\/wp-content\/uploads\/2020\/10\/2020-10-01-17_25_46-Window-300x194.png 300w\" sizes=\"auto, (max-width: 431px) 100vw, 431px\" \/><figcaption class=\"wp-element-caption\">DO2RT<\/figcaption><\/figure>\n\n\n\n<figure class=\"wp-block-image size-large is-resized\"><img loading=\"lazy\" decoding=\"async\" width=\"640\" height=\"427\" src=\"https:\/\/z31.vfdb.org\/wordpress\/wp-content\/uploads\/2020\/11\/IMG-20201102-WA0000.jpg\" alt=\"\" class=\"wp-image-549\" style=\"width:840px;height:auto\" srcset=\"https:\/\/z31.vfdb.org\/wordpress\/wp-content\/uploads\/2020\/11\/IMG-20201102-WA0000.jpg 640w, https:\/\/z31.vfdb.org\/wordpress\/wp-content\/uploads\/2020\/11\/IMG-20201102-WA0000-300x200.jpg 300w\" sizes=\"auto, (max-width: 640px) 100vw, 640px\" \/><figcaption class=\"wp-element-caption\">DF5KX<\/figcaption><\/figure>\n\n\n\n<figure class=\"wp-block-image size-large is-resized\"><img loading=\"lazy\" decoding=\"async\" width=\"889\" height=\"566\" src=\"https:\/\/z31.vfdb.org\/wordpress\/wp-content\/uploads\/2020\/11\/DF2BC-1.jpg\" alt=\"\" class=\"wp-image-631\" srcset=\"https:\/\/z31.vfdb.org\/wordpress\/wp-content\/uploads\/2020\/11\/DF2BC-1.jpg 889w, https:\/\/z31.vfdb.org\/wordpress\/wp-content\/uploads\/2020\/11\/DF2BC-1-300x191.jpg 300w, https:\/\/z31.vfdb.org\/wordpress\/wp-content\/uploads\/2020\/11\/DF2BC-1-768x489.jpg 768w\" sizes=\"auto, (max-width: 889px) 100vw, 889px\" \/><figcaption class=\"wp-element-caption\">DF5KX<\/figcaption><\/figure>\n\n\n\n<figure class=\"wp-block-image size-large is-resized\"><img loading=\"lazy\" decoding=\"async\" width=\"1024\" height=\"658\" src=\"https:\/\/z31.vfdb.org\/wordpress\/wp-content\/uploads\/2020\/11\/DL8BCJ-1024x658.jpg\" alt=\"\" class=\"wp-image-633\" srcset=\"https:\/\/z31.vfdb.org\/wordpress\/wp-content\/uploads\/2020\/11\/DL8BCJ-1024x658.jpg 1024w, https:\/\/z31.vfdb.org\/wordpress\/wp-content\/uploads\/2020\/11\/DL8BCJ-300x193.jpg 300w, https:\/\/z31.vfdb.org\/wordpress\/wp-content\/uploads\/2020\/11\/DL8BCJ-768x493.jpg 768w, https:\/\/z31.vfdb.org\/wordpress\/wp-content\/uploads\/2020\/11\/DL8BCJ.jpg 1077w\" sizes=\"auto, (max-width: 1024px) 100vw, 1024px\" \/><figcaption class=\"wp-element-caption\">DL8BCJ<\/figcaption><\/figure>\n\n\n\n<figure class=\"wp-block-image size-large is-resized\"><img loading=\"lazy\" decoding=\"async\" width=\"587\" height=\"361\" src=\"https:\/\/z31.vfdb.org\/wordpress\/wp-content\/uploads\/2020\/11\/DH6BAY.jpg\" alt=\"\" class=\"wp-image-678\" style=\"width:840px;height:auto\" srcset=\"https:\/\/z31.vfdb.org\/wordpress\/wp-content\/uploads\/2020\/11\/DH6BAY.jpg 587w, https:\/\/z31.vfdb.org\/wordpress\/wp-content\/uploads\/2020\/11\/DH6BAY-300x184.jpg 300w\" sizes=\"auto, (max-width: 587px) 100vw, 587px\" \/><figcaption class=\"wp-element-caption\">DB4QS (jetzt DH6BAY)<\/figcaption><\/figure>\n\n\n\n<figure class=\"wp-block-image size-full is-resized\"><img loading=\"lazy\" decoding=\"async\" width=\"543\" height=\"768\" src=\"https:\/\/z31.vfdb.org\/wordpress\/wp-content\/uploads\/2020\/11\/DF8BV.jpg\" alt=\"\" class=\"wp-image-708\" style=\"width:840px;height:auto\" srcset=\"https:\/\/z31.vfdb.org\/wordpress\/wp-content\/uploads\/2020\/11\/DF8BV.jpg 543w, https:\/\/z31.vfdb.org\/wordpress\/wp-content\/uploads\/2020\/11\/DF8BV-212x300.jpg 212w\" sizes=\"auto, (max-width: 543px) 100vw, 543px\" \/><figcaption class=\"wp-element-caption\">DF8BV<\/figcaption><\/figure>\n","protected":false},"excerpt":{"rendered":"<p>Auf dieser Seite werden die pers\u00f6nlichen QSL-Karten von derzeitigen und ehemaligen Mitgliedern des OV Z31 ver\u00f6ffentlicht. Die Sammlung wird im Laufe der Zeit fortgeschrieben und vervollst\u00e4ndigt. DC5BL<\/p>\n","protected":false},"author":1,"featured_media":0,"parent":0,"menu_order":0,"comment_status":"closed","ping_status":"closed","template":"","meta":{"footnotes":""},"class_list":["post-371","page","type-page","status-publish","hentry"],"aioseo_notices":[],"_links":{"self":[{"href":"https:\/\/z31.vfdb.org\/wordpress\/index.php?rest_route=\/wp\/v2\/pages\/371","targetHints":{"allow":["GET"]}}],"collection":[{"href":"https:\/\/z31.vfdb.org\/wordpress\/index.php?rest_route=\/wp\/v2\/pages"}],"about":[{"href":"https:\/\/z31.vfdb.org\/wordpress\/index.php?rest_route=\/wp\/v2\/types\/page"}],"author":[{"embeddable":true,"href":"https:\/\/z31.vfdb.org\/wordpress\/index.php?rest_route=\/wp\/v2\/users\/1"}],"replies":[{"embeddable":true,"href":"https:\/\/z31.vfdb.org\/wordpress\/index.php?rest_route=%2Fwp%2Fv2%2Fcomments&post=371"}],"version-history":[{"count":53,"href":"https:\/\/z31.vfdb.org\/wordpress\/index.php?rest_route=\/wp\/v2\/pages\/371\/revisions"}],"predecessor-version":[{"id":3687,"href":"https:\/\/z31.vfdb.org\/wordpress\/index.php?rest_route=\/wp\/v2\/pages\/371\/revisions\/3687"}],"wp:attachment":[{"href":"https:\/\/z31.vfdb.org\/wordpress\/index.php?rest_route=%2Fwp%2Fv2%2Fmedia&parent=371"}],"curies":[{"name":"wp","href":"https:\/\/api.w.org\/{rel}","templated":true}]}}